dred thousands digit of 1732757?
7
What is the hundreds digit of 99325?
3
What is the ten thousands digit of 190473?
9
What is the millions digit of 25228879?
5
What is the thousands digit of 5414979?
4
What is the thousands digit of 13602618?
2
What is the ten thousands digit of 157755?
5
What is the millions digit of 14906051?
4
What is the tens digit of 889158?
5
What is the ten thousands digit of 1479792?
7
What is the units digit of 51510?
0
What is the ten thousands digit of 162156?
6
What is the units digit of 504073?
3
What is the thousands digit of 1804045?
4
What is the units digit of 2646344?
4
What is the hundred thousands digit of 116083?
1
What is the ten thousands digit of 234952?
3
What is the millions digit of 6504354?
6
What is the ten thousands digit of 22480751?
8
What is the units digit of 10565252?
2
What is the hundred thousands digit of 434064?
4
What is the ten thousands digit of 410100?
1
What is the thousands digit of 7204392?
4
What is the thousands digit of 163422?
3
What is the hundreds digit of 943595?
5
What is the hundred thousands digit of 1324438?
3
What is the thousands digit of 4749266?
9
What is the hundred thousands digit of 1302470?
3
What is the millions digit of 2116532?
2
What is the hundred thousands digit of 154114?
1
What is the tens digit of 332638?
3
What is the hundred thousands digit of 6302226?
3
What is the hundred thousands digit of 548718?
5
What is the hundred thousands digit of 1756908?
7
What is the thousands digit of 1760232?
0
What is the units digit of 140574?
4
What is the hundreds digit of 2530112?
1
What is the millions digit of 1116542?
1
What is the units digit of 10718717?
7
What is the units digit of 93545?
5
What is the thousands digit of 24212654?
2
What is the hundreds digit of 1035852?
8
What is the hundreds digit of 1404957?
9
What is the thousands digit of 516570?
6
What is the hundred thousands digit of 582817?
5
What is the units digit of 2820952?
2
What is the thousands digit of 8576183?
6
What is the thousands digit of 318264?
8
What is the thousands digit of 375313?
5
What is the tens digit of 4220097?
9
What is the tens digit of 508436?
3
What is the millions digit of 2570721?
2
What is the units digit of 3768811?
1
What is the ten thousands digit of 1308197?
0
What is the millions digit of 2045878?
2
What is the thousands digit of 5386251?
6
What is the units digit of 131095?
5
What is the ten thousands digit of 185487?
8
What is the millions digit of 8646815?
8
What is the thousands digit of 190275?
0
What is the thousands digit of 524583?
4
What is the hundreds digit of 2141216?
2
What is the units digit of 1292964?
4
What is the units digit of 362090?
0
What is the units digit of 3591463?
3
What is the thousands digit of 326646?
6
What is the units digit of 3746597?
7
What is the hundreds digit of 18870833?
8
What is the ten thousands digit of 2568547?
6
What is the units digit of 7370602?
2
What is the hundreds digit of 332988?
9
What is the units digit of 36008732?
2
What is the thousands digit of 7972217?
2
What is the ten thousands digit of 25730769?
3
What is the ten millions digit of 16588726?
1
What is the ten thousands digit of 2988234?
8
What is the units digit of 7043079?
9
What is the thousands digit of 18909260?
9
What is the ten thousands digit of 175172?
7
What is the millions digit of 1186837?
1
What is the thousands digit of 222625?
2
What is the millions digit of 7490625?
7
What is the hundred thousands digit of 1520631?
5
What is the ten thousands digit of 97612?
9
What is the tens digit of 6514556?
5
What is the tens digit of 1616593?
9
What is the thousands digit of 13077733?
7
What is the units digit of 250539?
9
What is the tens digit of 232038?
3
What is the ten thousands digit of 3780957?
8
What is the thousands digit of 255489?
5
What is the ten millions digit of 12031154?
1
What is the thousands digit of 8576049?
6
What is the tens digit of 297537?
3
What is the hundred thousands digit of 138928?
1
What is the units digit of 18102609?
9
What is the millions digit of 3488278?
3
What is the units digit of 4336377?
7
What is the hundreds digit of 8711816?
8
What is the units digit of 18669695?
5
What is the hundreds digit of 2127830?
8
What is the units digit of 282016?
6
What is the ten thousands digit of 244631?
4
What is the hundreds digit of 15904?
9
What is the tens digit of 19810?
1
What is the ten thousands digit of 54233?
5
What is the units digit of 5383738?
8
What is the ten thousands digit of 686647?
8
What is the units digit of 3242487?
7
What is the units digit of 801281?
1
What is the thousands digit of 193762?
3
What is the tens digit of 106581?
8
What is the tens digit of 733107?
0
What is the ten thousands digit of 693569?
9
What is the tens digit of 1828326?
2
What is the ten thousands digit of 72502?
7
What is the tens digit of 1608079?
7
What is the thousands digit of 258898?
8
What is the thousands digit of 258064?
8
What is the hundreds digit of 6595655?
6
What is the units digit of 2026046?
6
What is the tens digit of 5526191?
9
What is the ten thousands digit of 1772876?
7
What is the units digit of 2086948?
8
What is the tens digit of 739405?
0
What is the thousands digit of 6372416?
2
What is the tens digit of 739120?
2
What is the hundreds digit of 1131085?
0
What is the units digit of 955867?
7
What is the hundred thousands digit of 871126?
8
What is the units digit of 396704?
4
What is the millions digit of 14736682?
4
What is the hundred thousands digit of 599251?
5
What is the millions digit of 11217530?
1
What is the tens digit of 111150?
5
What is the tens digit of 14811912?
1
What is the units digit of 1222470?
0
What is the hundreds digit of 185662?
6
What is the thousands digit of 57017?
7
What is the hundred thousands digit of 3793024?
7
What is the tens digit of 644890?
9
What is the hundreds digit of 667352?
3
What is the tens digit of 3632697?
9
What is the ten thousands digit of 28693109?
9
What is the hundred thousands digit of 7314976?
3
What is the thousands digit of 35728?
5
What is the hundred thousands digit of 1497264?
4
What is the millions digit of 3773895?
3
What is the hundred thousands digit of 3338780?
3
What is the ten millions digit of 30899857?
3
What is the ten thousands digit of 887923?
8
What is the ten thousands digit of 95125?
9
What is the hundred thousands digit of 153869?
1
What is the ten thousands digit of 190362?
9
What is the hundreds digit of 16343168?
1
What is the millions digit of 2377477?
2
What is the units digit of 8088659?
9
What is the units digit of 735257?
7
What is the thousands digit of 371561?
1
What is the units digit of 82882?
2
What is the ten thousands digit of 880005?
8
What is the tens digit of 9624051?
5
What is the units digit of 32240483?
3
What is the thousands digit of 1025669?
5
What is the millions digit of 1397184?
1
What is the units digit of 130792?
2
What is the hundreds digit of 9118872?
8
What is the hundreds digit of 359555?
5
What is the hundreds digit of 6394991?
9
What is the thousands digit of 106814?
6
What is the hundreds digit of 137708?
7
What is the millions digit of 18857717?
8
What is the hundreds digit of 229310?
3
What is the tens digit of 139395?
9
What is the millions digit of 15432218?
5
What is the thousands digit of 95896?
5
What is the units digit of 3818454?
4
What is the ten thousands digit of 718699?
1
What is the hundreds digit of 142782?
7
What is the ten thousands digit of 94206?
9
What is the thousands digit of 227691?
7
What is the tens digit of 1697142?
4
What is the tens digit of 429055?
5
What is the tens digit of 1279037?
3
What is the units digit of 2009246?
6
What is the ten thousands digit of 275129?
7
What is the units digit of 489770?
0
What is the units digit of 7296811?
1
What is the hundreds digit of 204049?
0
What is the thousands digit of 18317459?
7
What is the hundred thousands digit of 409046?
4
What is the hundreds digit of 381620?
6
What is the ten thousands digit of 4526815?
2
What is the hundreds digit of 3506?
5
What is the thousands digit of 6126964?
6
What is the hundred thousands digit of 8601905?
6
What is the thousands digit of 17209545?
9
What is the hundred thousands digit of 10